203 (base 4) in base 15?
-d7d
What is 24b38 (base 12) in base 5?
3100022
-398 (base 13) to base 5
-10012
What is -4146 (base 8) in base 4?
-201212
43 (base 15) to base 16
3f
Convert -1110011010 (base 2) to base 10.
-922
Convert -1656 (base 7) to base 5.
-10203
15525 (base 6) to base 12
15a5
4a75 (base 11) to base 6
50344
Convert 84e (base 16) to base 14.
abc
128 (base 16) to base 14
172
What is 461 (base 7) in base 8?
357
What is 25020 (base 6) in base 2?
111001100100
What is -36100 (base 10) in base 4?
-20310010
Convert -23b (base 15) to base 8.
-772
What is 122c8 (base 13) in base 12?
17441
213 (base 7) to base 9
130
What is -30a (base 13) in base 10?
-517
12130 (base 4) to base 13
259
Convert -1798 (base 10) to base 15.
-7ed
148 (base 10) to base 8
224
Convert -2231 (base 5) to base 13.
-1b4
-2032 (base 6) to base 15
-202
What is 2b2 (base 12) in base 11?
354
Convert 10000010 (base 2) to base 3.
11211
-1053 (base 6) to base 15
-119
What is 40978 (base 10) in base 13?
15862
342 (base 7) to base 16
b1
-4036 (base 9) to base 6
-21353
Convert -74cf (base 16) to base 12.
-1537b
What is -10314 (base 7) in base 12?
-1593
Convert -102101 (base 6) to base 2.
-10000000110101
464 (base 8) to base 12
218
Convert -1684 (base 15) to base 12.
-2981
What is -11111101111 (base 2) in base 5?
-31111
Convert 11 (base 12) to base 4.
31
441 (base 5) to base 4
1321
Convert 2993 (base 11) to base 12.
2291
-13757 (base 12) to base 15
-7eea
-142042 (base 5) to base 7
-23123
-11131213 (base 4) to base 7
-122143
What is 101112 (base 3) in base 15?
13e
26788 (base 10) to base 6
324004
What is -508 (base 11) in base 4?
-21211
-4600 (base 8) to base 10
-2432
-7b5 (base 12) to base 10
-1145
200022 (base 3) to base 6
2142
What is -3051 (base 6) in base 16?
-2a7
What is a3aa (base 12) in base 3?
220110211
What is -1b9b (base 14) in base 10?
-5037
5241 (base 6) to base 15
537
-356 (base 8) to base 10
-238
Convert 734 (base 9) to base 8.
1126
Convert 472 (base 16) to base 8.
2162
What is 325621 (base 7) in base 16?
df9f
What is 15150 (base 6) in base 2?
100110001010
10110111001110 (base 2) to base 15
371b
Convert -25413 (base 6) to base 15.
-1200
Convert -2452 (base 6) to base 14.
-316
Convert 100000100001 (base 2) to base 9.
2762
Convert -1007 (base 16) to base 14.
-16d1
1c (base 14) to base 10
26
-1020 (base 5) to base 6
-343
2018 (base 10) to base 14
a42
What is -95 (base 15) in base 13?
-aa
Convert 4672 (base 12) to base 10.
7862
Convert 1001000001 (base 2) to base 8.
1101
What is -8288 (base 13) in base 6?
-215242
-6071 (base 14) to base 4
-10002303
-2629 (base 10) to base 9
-3541
What is 1525 (base 7) in base 12?
427
What is -252 (base 6) in base 12?
-88
Convert -11001010011101 (base 2) to base 15.
-3c8c
Convert -3668 (base 12) to base 6.
-44212
What is -215b (base 12) in base 10?
-3671
What is -3405 (base 8) in base 4?
-130011
Convert 101421 (base 5) to base 14.
1321
-47227 (base 10) to base 3
-2101210011
What is 11111010100 (base 2) in base 9?
2666
52 (base 13) to base 16
43
Convert 221111 (base 3) to base 11.
576
-58058 (base 9) to base 13
-147c2
What is 652 (base 9) in base 12?
385
1323013 (base 4) to base 7
31654
What is 578 (base 14) in base 5?
13321
261 (base 9) to base 15
e7
12303 (base 4) to base 14
231
What is 2300122 (base 4) in base 3?
120111011
What is 37135 (base 10) in base 3?
1212221101
What is -2a6 (base 12) in base 4?
-12132
-1121001 (base 3) to base 11
-967
Convert -40357 (base 8) to base 4.
-10003233
What is -274 (base 8) in base 14?
-d6
Convert 11342 (base 5) to base 10.
847
What is -298 (base 15) in base 16?
-251
e97 (base 16) to base 8
7227
-2ab73 (base 13) to base 15
-19030
Convert -4899 (base 11) to base 16.
-1900
223010 (base 4) to base 8
5304
742 (base 9) to base 7
1523
What is 200021 (base 4) in base 10?
2057
What is -28c (base 14) in base 16?
-204
What is 11010111101 (base 2) in base 9?
2326
What is 222 (base 13) in base 2?
101101110
What is a75 (base 11) in base 15?
5b2
What is -111665 (base 7) in base 5?
-1114032
-34 (base 15) to base 6
-121
What is 304 (base 14) in base 3?
210221
-9a28 (base 13) to base 4
-11033321
63 (base 15) to base 10
93
-1846 (base 9) to base 11
-1080
What is -589 (base 10) in base 7?
-1501
3295 (base 11) to base 8
10363
Convert 131 (base 8) to base 11.
81
1c6 (base 14) to base 8
562
-73277 (base 8) to base 12
-15713
Convert -101323 (base 5) to base 12.
-1b22
4736 (base 12) to base 9
11826
Convert 441 (base 7) to base 12.
169
31a1 (base 12) to base 10
5449
12432 (base 5) to base 3
1100202
What is 584 (base 9) in base 4?
13201
Convert -2435 (base 12) to base 5.
-112243
What is 1127a (base 14) in base 16?
a2bc
What is -17151 (base 10) in base 4?
-10023333
What is -202 (base 12) in base 2?
-100100010
What is -1002121202 (base 3) in base 7?
-116645
-1738 (base 13) to base 2
-110101100011
42447 (base 8) to base 7
102420
What is -b22 (base 12) in base 15?
-725
Convert -4000 (base 7) to base 16.
-55c
What is -2bdb (base 14) in base 10?
-7837
What is -3580 (base 9) in base 6?
-20200
Convert -c14 (base 14) to base 6.
-14550
What is 294 (base 11) in base 4?
11121
Convert -463 (base 10) to base 6.
-2051
What is -21220 (base 4) in base 15?
-2b1
-10542 (base 7) to base 9
-3603
Convert -84e (base 16) to base 12.
-1292
Convert 11012202 (base 3) to base 4.
233333
Convert 2024 (base 10) to base 14.
a48
What is -11052 (base 6) in base 3?
-2010012
-1fdb (base 16) to base 14
-2d87
60226 (base 7) to base 13
67c3
What is -30014 (base 7) in base 14?
-28b4
Convert 1371b (base 13) to base 16.
8e07
Convert 212000012 (base 3) to base 13.
7832
-614b (base 14) to base 2
-100000101010111
131013 (base 6) to base 4
2321301
Convert 1246 (base 7) to base 8.
733
Convert 216216 (base 7) to base 14.
dcb6
What is -765 (base 10) in base 12?
-539
What is -354 (base 15) in base 11?
-626
What is 6d4 (base 14) in base 2?
10101010010
What is -24a9 (base 12) in base 14?
-1733
What is -133424 (base 6) in base 12?
-7274
2299 (base 13) to base 15
168d
What is 10032 (base 6) in base 12?
918
Convert -21663 (base 10) to base 14.
-7c75
What is 201210 (base 3) in base 7?
1362
What is -366 (base 7) in base 14?
-dd
2124 (base 5) to base 9
351
What is -1653 (base 8) in base 11?
-784
What is -561 (base 11) in base 3?
-220220
Convert -12311 (base 4) to base 7.
-1163
What is b54 (base 13) in base 2?
11110001000
-6923 (base 12) to base 2
-10110110101011
-114030 (base 5) to base 10
-4265
-563 (base 14) to base 6
-4535
21204 (base 6) to base 15
cc4
What is -10c0 (base 15) in base 9?
-4780
-24903 (base 10) to base 6
-311143
Convert -10110010101101 (base 2) to base 7.
-45226
What is -382 (base 15) in base 10?
-797
11101110010110 (base 2) to base 12
89b2
What is 7054 (base 12) in base 2?
10111110000000
What is 105655 (base 8) in base 2?
1000101110101101
Convert -101101 (base 2) to base 5.
-140
What is -70 (base 14) in base 9?
-118
-242 (base 15) to base 9
-628
What is -2111100002 (base 3) in base 7?
-263054
What is -571 (base 8) in base 6?
-1425
-27427 (base 11) to base 6
-501024
2554 (base 14) to base 8
14616
Convert -11220010 (base 3) to base 5.
-103232
Convert 222406 (base 7) to base 16.
9988
Convert -8b02 (base 12) to base 10.
-15410
What is 76371 (base 8) in base 10?
31993
-96a8 (base 11) to base 3
-122120221
788 (base 9) to base 2
1010000111
Convert -20212 (base 3) to base 14.
-d3
What is 5025 (base 6) in base 13?
665
What is -166060 (base 7) in base 10?
-33313
What is 1534 (base 6) in base 7?
1135
Convert dd53 (base 16) to base 13.
1ca35
Convert 1aa (base 16) to base 13.
26a
Convert -196 (base 14) to base 5.
-2303
Convert -1051 (base 12) to base 9.
-2407
What is -122034 (base 8) in base 3?
-2010122000
133 (base 4) to base 2
11111
Convert -1353 (base 11) to base 8.
-3330
What is -1508 (base 14) in base 2?
-111010010100
What is -51 (base 8) in base 4?
-221
Convert 1105 (base 8) to base 5.
4311
-33233 (base 5) to base 12
-1412
Convert 1a904 (base 13) to base 4.
30231120
Convert 10200011 (base 3) to base 9.
3604
39c5 (base 14) to base 9
14848
832 (base 10) to base 4
31000
What is -57c2 (base 13) in base 3?
-121220112
Convert -3061 (base 10) to base 3.
-11012101
-7544 (base 10) to base 12
-4448
-20112 (base 8) to base 7
-33046
What is 442 (base 7) in base 15?
101
Convert -4